3403339969 a prime number?
False
Is 1531714763 a prime number?
True
Is 10793250509 a composite number?
True
Is 2002654097 a prime number?
True
Is 2621591243 prime?
True
Is 23627941339 a composite number?
True
Is 31119322553 a prime number?
False
Is 2272865059 prime?
False
Is 48399795109 a composite number?
True
Is 227642141 prime?
False
Is 119707801 a composite number?
True
Is 7093369081 a prime number?
False
Is 33237921686 a prime number?
False
Is 26037391 a composite number?
True
Is 80396256089 composite?
False
Is 1314300599 a prime number?
False
Is 25282898827 composite?
False
Is 366350977 prime?
True
Is 311465821 a prime number?
True
Is 1701243497 a prime number?
True
Is 18282204847 a prime number?
False
Is 473531183 a prime number?
True
Is 407915771 a composite number?
True
Is 10482724741 a composite number?
True
Is 2795860707 a composite number?
True
Is 345835558 a prime number?
False
Is 498186407 a prime number?
True
Is 52103290553 composite?
False
Is 15184666313 composite?
True
Is 674520467 a composite number?
True
Is 1118721829 a composite number?
True
Is 1189370657 a prime number?
True
Is 808130341 a composite number?
True
Is 1275796141 a composite number?
True
Is 1933021667 a prime number?
True
Is 983911271 a composite number?
True
Is 48563093 a prime number?
False
Is 1970529719 a composite number?
False
Is 3599665507 a composite number?
False
Is 1284468329 a prime number?
True
Is 55802913029 a composite number?
False
Is 241647281 composite?
False
Is 793582235 a composite number?
True
Is 852762491 a composite number?
True
Is 2095863641 prime?
False
Is 363965695 composite?
True
Is 264119567 a prime number?
True
Is 50732259463 prime?
True
Is 419073917 composite?
True
Is 22234764107 composite?
False
Is 24461741231 composite?
True
Is 72616185581 prime?
True
Is 5712993221 composite?
True
Is 636006043 prime?
False
Is 129966358661 a prime number?
True
Is 57481192621 prime?
True
Is 445482599 composite?
True
Is 2907039857 a composite number?
False
Is 318472933 composite?
False
Is 33738619 prime?
False
Is 16472278183 prime?
True
Is 202465657 a composite number?
False
Is 2236791085 a prime number?
False
Is 2552697463 a composite number?
False
Is 22514533993 a prime number?
False
Is 23895563 prime?
True
Is 12433745281 prime?
False
Is 7165447151 a prime number?
True
Is 2898728207 composite?
False
Is 160950121 a composite number?
True
Is 32345660797 a prime number?
True
Is 634092049 prime?
True
Is 61857050349 a composite number?
True
Is 27059055103 prime?
False
Is 411519673 composite?
True
Is 115062333709 a composite number?
False
Is 9582080581 prime?
False
Is 157926894427 composite?
True
Is 20236816493 a prime number?
False
Is 1311041891 composite?
True
Is 8344516409 prime?
False
Is 18655334209 composite?
True
Is 314059957 composite?
False
Is 25650611209 a prime number?
True
Is 6328182641 a prime number?
False
Is 2098891237 a prime number?
False
Is 6064773461 prime?
True
Is 10334367389 a composite number?
False
Is 943744927 a composite number?
False
Is 7491160493 prime?
False
Is 5677493001 prime?
False
Is 18143012287 prime?
False
Is 2454093539 prime?
True
Is 109814390713 a prime number?
True
Is 7851036181 composite?
True
Is 87732748093 composite?
True
Is 310797749 a prime number?
True
Is 4180396517 prime?
False
Is 935728567 prime?
True
Is 35664497299 prime?
True
Is 382728257 a composite number?
True
Is 155989007 a composite number?
False
Is 246836791 composite?
False
Is 1445489351 a composite number?
True
Is 1497824443 a prime number?
True
Is 110515993789 prime?
False
Is 17475255361 a prime number?
False
Is 4776741007 prime?
True
Is 1771889959 a composite number?
True
Is 12553753369 a prime number?
True
Is 83044905589 a prime number?
True
Is 1366762711 prime?
False
Is 30341704667 a prime number?
False
Is 82199921 composite?
True
Is 2840567377 a prime number?
False
Is 294731989 a prime number?
True
Is 130665764279 composite?
False
Is 274554937 a composite number?
False
Is 12323863463 composite?
False
Is 80142768707 a composite number?
False
Is 12733821769 a composite number?
True
Is 1074574495 prime?
False
Is 99268152209 prime?
True
Is 9454807 composite?
True
Is 6731566747 a prime number?
True
Is 7318758203 composite?
False
Is 6149146657 composite?
False
Is 23785947303 composite?
True
Is 94013101747 a prime number?
True
Is 39198738389 a composite number?
False
Is 2082503209 a prime number?
True
Is 15344150869 a composite number?
True
Is 29692558099 composite?
True
Is 29960391301 a composite number?
True
Is 21110408353 a prime number?
True
Is 1461184345 prime?
False
Is 860408299 a prime number?
False
Is 412832909 prime?
True
Is 77069161457 a composite number?
True
Is 56468777 a prime number?
True
Is 2139100499 composite?
True
Is 1127657269 a prime number?
True
Is 76936556701 prime?
False
Is 1452305137 prime?
True
Is 13813819193 a prime number?
True
Is 4132801157 a prime number?
False
Is 2367583733 prime?
True
Is 51053371181 composite?
True
Is 11307930871 prime?
False
Is 817060121 composite?
False
Is 29716889493 prime?
False
Is 9286756849 a prime number?
False
Is 154369192031 a composite number?
False
Is 4125370511 a composite number?
False
Is 283822151105 prime?
False
Is 3134800103 composite?
False
Is 14999933297 composite?
True
Is 57033153377 a composite number?
True
Is 852322567 a composite number?
True
Is 1112975581 composite?
True
Is 187760929 composite?
False
Is 8753573477 prime?
False
Is 28963195 prime?
False
Is 50826625901 a composite number?
False
Is 178545513 a prime number?
False
Is 2160828286 composite?
True
Is 11764084429 composite?
False
Is 2546005421 composite?
False
Is 32959559431 a composite number?
False
Is 17684896813 a prime number?
False
Is 4665360961 prime?
False
Is 6516672343 prime?
True
Is 1918368541 a prime number?
True
Is 31773903419 composite?
False
Is 1613682859 a composite number?
True
Is 527387609 a prime number?
False
Is 18784860019 a prime number?
True
Is 17316399073 prime?
False
Is 1866910109 composite?
False
Is 1135598482 a composite number?
True
Is 13102601 a prime number?
True
Is 984349255 a composite number?
True
Is 149012441 a composite number?
False
Is 53944318097 a composite number?
False
Is 34680090619 a prime number?
False
Is 4982692313 prime?
True
Is 214252523 a composite number?
True
Is 40048733 a prime number?
True
Is 1086733441 a prime number?
False
Is 1972566019 composite?
False
Is 421068407 composite?
False
Is 30454403 composite?
True
Is 479654789 a prime number?
True
Is 211812137 composite?
False
Is 61532807113 composite?
True
Is 12519668687 a composite number?
False
Is 114293194681 composite?
True
Is 270796259 composite?
True
Is 201290651 a composite number?
False
Is 178626286 a prime number?
False
Is 34636789723 a composite number?
True
Is 6388011127 prime?
False
Is 700331531 composite?
True
Is 276963558433 a composite number?
True
Is 169762849427 a composite number?
False
Is 64993837 a composite number?
True
Is 497749645 a composite number?
True
Is 2532106849 a composite number?
True
Is 751031201 a prime number?
True
Is 3209110199 a composite number?
False
Is 1156082201 a composite number?
True
Is 3431599093 a composite number?
True
Is 6380706617 composite?
False
Is 11569516807 composite?
False
Is 598168549 prime?
False
Is 1306789723 prime?
False
Is 36910381 a composite number?
False
Is 2768385359 a composite number?
False
Is 1135425607 composite?
False
Is 41944849 a prime number?
True
Is 744390887 a prime number?
True
Is 40714548247 composite?
True
Is 48153192847 a prime number?
False
Is 19925677 prime?
True
Is 17356856255 a prime number?
False
Is 2380474927 a prime number?
True
Is 1375135631 a prime number?
True
Is 594406303 prime?
True
Is 55651361459 prime?
True
Is 9425378917 a composite number?
False
Is 35320289657 a composite number?
False
Is 16440728503 prime?
False
Is 2600113103 composite?
True
Is 7990222843 a prime number?
True
Is 407067967 a prime number?
False
Is 55472059 prime?
True
Is 7111588823 prime?
False
Is 529586801 prime?
True
Is 1074920171 a composite number?
True
Is 53573619943 a composite number?
True
Is 4045077215 a prime number?
False
Is 8176860181 prime?
False
Is 396471709 a prime number?
True
Is 82306087847 prime?
True
Is 7255642259 a composite number?
False
Is 119678